{"id":5,"date":"2013-06-04T17:20:47","date_gmt":"2013-06-04T15:20:47","guid":{"rendered":"http:\/\/www.lapidasparanichos.com\/enmemoria\/?page_id=5"},"modified":"2015-01-09T18:10:51","modified_gmt":"2015-01-09T16:10:51","slug":"inicio","status":"publish","type":"page","link":"https:\/\/www.lapidasparanichos.com\/enmemoria\/","title":{"rendered":"Inicio"},"content":{"rendered":"<p>En esta secci\u00f3n, los clientes que han comprado un Codigo QR, tienen un lugar donde exponer el mensaje que dicho Codigo QR transmite.<\/p>\n<p>Acceder al memorial de:\u00a0<a href=\"http:\/\/www.lapidasparanichos.com\/enmemoria\/jose-garcia-moreno\">Jose Garcia Moreno<\/a>,\u00a0fallecido el 9 de septiembre de 2012, c\u00f3digo QR de identificaci\u00f3n de cenizas.<\/p>\n<p>Acceder al memorial de:\u00a0<a href=\"http:\/\/www.lapidasparanichos.com\/enmemoria\/vicente-bodi-company\">Vicente Bod\u00ed Company<\/a>,\u00a0fallecido el 10 de diciembre de 2012, descansa en paz en el cementerio de Ribarroja.<\/p>\n<p>Acceder al memorial de:\u00a0<a href=\"http:\/\/www.lapidasparanichos.com\/enmemoria\/jose-luis-sampedro\/\">Jos\u00e9 Luis Sampedro<\/a>,\u00a0fallecido el 8 de abril de 2013, Esto es un ejemplo de memorial.<\/p>\n<p>Acceder al memorial de: <a href=\"http:\/\/www.lapidasparanichos.com\/enmemoria\/maria-luisa-gonzalez-garcia\/\">Marisa Gonz\u00e1lez Garc\u00eda<\/a>, <em id=\"__mceDel\">fallecida en Torrelavega, el d\u00eda 15 de mayo de 2014, a<\/em><em id=\"__mceDel\">\u00a0los 55 a\u00f1os de edad, habiendo recibido los Santos Sacramentos y la Bendici\u00f3n Apost\u00f3lica.<\/em><\/p>\n","protected":false},"excerpt":{"rendered":"<p>En esta secci\u00f3n, los clientes que han comprado un Codigo QR, tienen un lugar donde exponer el mensaje que dicho Codigo QR transmite. Acceder al memorial de:\u00a0Jose Garcia Moreno,\u00a0fallecido el 9 de septiembre de 2012, c\u00f3digo QR de identificaci\u00f3n de<span class=\"ellipsis\">&hellip;<\/span><\/p>\n<div class=\"read-more\"><a href=\"https:\/\/www.lapidasparanichos.com\/enmemoria\/\">Leer m\u00e1s \u203a<\/a><\/div>\n<p><!-- end of .read-more --><\/p>\n","protected":false},"author":1,"featured_media":0,"parent":0,"menu_order":0,"comment_status":"closed","ping_status":"closed","template":"full-width-page.php","meta":[],"_links":{"self":[{"href":"https:\/\/www.lapidasparanichos.com\/enmemoria\/wp-json\/wp\/v2\/pages\/5"}],"collection":[{"href":"https:\/\/www.lapidasparanichos.com\/enmemoria\/wp-json\/wp\/v2\/pages"}],"about":[{"href":"https:\/\/www.lapidasparanichos.com\/enmemoria\/wp-json\/wp\/v2\/types\/page"}],"author":[{"embeddable":true,"href":"https:\/\/www.lapidasparanichos.com\/enmemoria\/wp-json\/wp\/v2\/users\/1"}],"replies":[{"embeddable":true,"href":"https:\/\/www.lapidasparanichos.com\/enmemoria\/wp-json\/wp\/v2\/comments?post=5"}],"version-history":[{"count":14,"href":"https:\/\/www.lapidasparanichos.com\/enmemoria\/wp-json\/wp\/v2\/pages\/5\/revisions"}],"predecessor-version":[{"id":129,"href":"https:\/\/www.lapidasparanichos.com\/enmemoria\/wp-json\/wp\/v2\/pages\/5\/revisions\/129"}],"wp:attachment":[{"href":"https:\/\/www.lapidasparanichos.com\/enmemoria\/wp-json\/wp\/v2\/media?parent=5"}],"curies":[{"name":"wp","href":"https:\/\/api.w.org\/{rel}","templated":true}]}}

<p>En esta sección, los clientes que han comprado un Codigo QR, tienen un lugar donde exponer el mensaje que dicho Codigo QR transmite.</p>
<p>Acceder al memorial de: <a href="http://www.lapidasparanichos.com/enmemoria/jose-garcia-moreno">Jose Garcia Moreno</a>, fallecido el 9 de septiembre de 2012, código QR de identificación de cenizas.</p>
<p>Acceder al memorial de: <a href="http://www.lapidasparanichos.com/enmemoria/vicente-bodi-company">Vicente Bodí Company</a>, fallecido el 10 de diciembre de 2012, descansa en paz en el cementerio de Ribarroja.</p>
<p>Acceder al memorial de: <a href="http://www.lapidasparanichos.com/enmemoria/jose-luis-sampedro/">José Luis Sampedro</a>, fallecido el 8 de abril de 2013, Esto es un ejemplo de memorial.</p>
<p>Acceder al memorial de: <a href="http://www.lapidasparanichos.com/enmemoria/maria-luisa-gonzalez-garcia/">Marisa González García</a>, <em id="__mceDel">fallecida en Torrelavega, el día 15 de mayo de 2014, a</em><em id="__mceDel"> los 55 años de edad, habiendo recibido los Santos Sacramentos y la Bendición Apostólica.</em></p>

<p>En esta sección, los clientes que han comprado un Codigo QR, tienen un lugar donde exponer el mensaje que dicho Codigo QR transmite. Acceder al memorial de: Jose Garcia Moreno, fallecido el 9 de septiembre de 2012, código QR de identificación de<span class="ellipsis">&hellip;</span></p>
<div class="read-more"><a href="https://www.lapidasparanichos.com/enmemoria/">Leer más ›</a></div>
<p><!-- end of .read-more --></p>
